{"id":1940,"date":"2019-07-28T09:13:03","date_gmt":"2019-07-28T09:13:03","guid":{"rendered":"https:\/\/thinkvia.be\/about\/"},"modified":"2026-01-30T13:23:46","modified_gmt":"2026-01-30T13:23:46","slug":"about","status":"publish","type":"page","link":"https:\/\/thinkvia.be\/fr\/about\/","title":{"rendered":"About us"},"content":{"rendered":"\n<h2 class=\"wp-block-heading\">VIA est l\u2019Association des M\u00e9dias Audiovisuels en Belgique<\/h2>\n\n\n\n<div style=\"height:39px\" aria-hidden=\"true\" class=\"wp-block-spacer\"><\/div>\n\n\n\n<figure class=\"wp-block-image size-large\"><img loading=\"lazy\" decoding=\"async\" width=\"1024\" height=\"523\" src=\"https:\/\/thinkvia.be\/wp-content\/uploads\/2021\/01\/about-us-small-1024x523.jpg\" alt=\"\" class=\"wp-image-1726\" srcset=\"https:\/\/thinkvia.be\/wp-content\/uploads\/2021\/01\/about-us-small-1024x523.jpg 1024w, https:\/\/thinkvia.be\/wp-content\/uploads\/2021\/01\/about-us-small-300x153.jpg 300w, https:\/\/thinkvia.be\/wp-content\/uploads\/2021\/01\/about-us-small-768x392.jpg 768w, https:\/\/thinkvia.be\/wp-content\/uploads\/2021\/01\/about-us-small.jpg 1098w\" sizes=\"auto, (max-width: 1024px) 100vw, 1024px\" \/><\/figure>\n\n\n\n<p>VIA r\u00e9unit les organisations de vente des m\u00e9dias audiovisuels belges (TV, radio, cin\u00e9ma) et se fixe les objectifs suivants&nbsp;:<\/p>\n\n\n\n<ul class=\"wp-block-list\">\n<li>Stimuler la concertation au sein du secteur<\/li>\n\n\n\n<li>Jouer un r\u00f4le f\u00e9d\u00e9rateur dans le d\u00e9veloppement de nouvelles initiatives sur le march\u00e9<\/li>\n\n\n\n<li>Se concerter autour de la facilitation technologique et aspirer \u00e0 une compatibilit\u00e9 maximale qui b\u00e9n\u00e9ficiera au d\u00e9veloppement du march\u00e9<\/li>\n\n\n\n<li>Promouvoir la puissance de nos m\u00e9dias, entre autres en \u00e9laborant une recherche commune venant non seulement soutenir les m\u00e9rites de l\u2019offre actuelle, mais aussi ceux des d\u00e9veloppements porteurs d\u2019avenir<\/li>\n\n\n\n<li>Jouer un r\u00f4le de soutien dans la mise en place de mesures et de rapportages des m\u00e9dias, apporter une contribution lors de l\u2019\u00e9laboration de consensus autour des objectifs et du projet et r\u00e9unir des experts<\/li>\n\n\n\n<li>Repr\u00e9senter ses membres aupr\u00e8s des autres associations professionnelles actives au sein du monde de la publicit\u00e9<\/li>\n<\/ul>\n\n\n\n<h3 class=\"wp-block-heading\">Membres<\/h3>\n\n\n\n<ul class=\"wp-block-list\">\n<li>DPG Media, repr\u00e9sent\u00e9 par Wim Jansen<\/li>\n\n\n\n<li>RMB, repr\u00e9sent\u00e9 par Massimo Papa<\/li>\n\n\n\n<li>Ads&amp;Data, repr\u00e9sent\u00e9 par Bart Demeulenaere<\/li>\n\n\n\n<li>Var, repr\u00e9sent\u00e9e par Alex Thor\u00e9<\/li>\n\n\n\n<li>Transfer Media, repr\u00e9sent\u00e9 par Michel Dupont<\/li>\n\n\n\n<li>Tim Van Doorslaer (DPG Media) s&rsquo;ajoute comme administrateur.<\/li>\n<\/ul>\n\n\n\n<p>Membres affili\u00e9s<\/p>\n\n\n\n<ul class=\"wp-block-list\">\n<li>Brightfish, repr\u00e9sent\u00e9 par Patrick Van Dijck<\/li>\n\n\n\n<li>Mediawan, repr\u00e9sent\u00e9 par Philippe Zrihen<\/li>\n<\/ul>\n\n\n\n<h3 class=\"wp-block-heading\">Conseil d\u2019administration<\/h3>\n\n\n\n<p>Pr\u00e9sident : Alex Thor\u00e9 (depuis le 23\/5\/2025)<br>Vice-pr\u00e9sident : Wim Jansen (depuis le 23\/5\/2025)<br>Tr\u00e9sorier&nbsp;: Massimo Papa<\/p>\n\n\n\n<h3 class=\"wp-block-heading\">Gestion quotidienne<\/h3>\n\n\n\n<p>Sous la direction de Ludovic de Barrau, Secr\u00e9taire G\u00e9n\u00e9ral<br>E-mail\u00a0:\u00a0<a href=\"mailto:ludovic@viabelgium.media\">ludovic@viabelgium.media<\/a><\/p>\n\n\n\n<p>Tel : +32 472 52 72 31 <\/p>\n\n\n\n<h3 class=\"wp-block-heading\">Statuts<\/h3>\n\n\n\n<p><a href=\"https:\/\/thinkvia.be\/wp-content\/uploads\/2022\/08\/VIA-Nouveau-statuts-FR-7.12.2021.pdf\">Statuts&nbsp; FR<\/a><\/p>\n\n\n\n<h3 class=\"wp-block-heading\">Donn\u00e9es de l&rsquo;entit\u00e9<\/h3>\n\n\n\n<p>Association belge des Medias Audiovisuels \u2013 Belgische Vereniging &nbsp;van de Audiovisuele Media<br>Association sans but lucratif<\/p>\n\n\n\n<p>Rue Jules Cockx 10\/12<br>1160 Auderghem<br>TVA :0409.202.220<br><\/p>\n","protected":false},"excerpt":{"rendered":"<p>VIA est l\u2019Association des M\u00e9dias Audiovisuels en Belgique VIA r\u00e9unit les organisations de vente des m\u00e9dias audiovisuels belges (TV, radio, cin\u00e9ma) et se fixe les objectifs suivants&nbsp;: Membres Membres affili\u00e9s Conseil d\u2019administration Pr\u00e9sident : Alex Thor\u00e9 (depuis le 23\/5\/2025)Vice-pr\u00e9sident :&#8230;<\/p>\n","protected":false},"author":1,"featured_media":1728,"parent":0,"menu_order":0,"comment_status":"closed","ping_status":"closed","template":"template_about.php","meta":{"_acf_changed":false,"_uf_show_specific_survey":0,"_uf_disable_surveys":false,"footnotes":""},"class_list":["post-1940","page","type-page","status-publish","has-post-thumbnail","hentry"],"acf":[],"_links":{"self":[{"href":"https:\/\/thinkvia.be\/fr\/wp-json\/wp\/v2\/pages\/1940","targetHints":{"allow":["GET"]}}],"collection":[{"href":"https:\/\/thinkvia.be\/fr\/wp-json\/wp\/v2\/pages"}],"about":[{"href":"https:\/\/thinkvia.be\/fr\/wp-json\/wp\/v2\/types\/page"}],"author":[{"embeddable":true,"href":"https:\/\/thinkvia.be\/fr\/wp-json\/wp\/v2\/users\/1"}],"replies":[{"embeddable":true,"href":"https:\/\/thinkvia.be\/fr\/wp-json\/wp\/v2\/comments?post=1940"}],"version-history":[{"count":5,"href":"https:\/\/thinkvia.be\/fr\/wp-json\/wp\/v2\/pages\/1940\/revisions"}],"predecessor-version":[{"id":7934,"href":"https:\/\/thinkvia.be\/fr\/wp-json\/wp\/v2\/pages\/1940\/revisions\/7934"}],"wp:featuredmedia":[{"embeddable":true,"href":"https:\/\/thinkvia.be\/fr\/wp-json\/wp\/v2\/media\/1728"}],"wp:attachment":[{"href":"https:\/\/thinkvia.be\/fr\/wp-json\/wp\/v2\/media?parent=1940"}],"curies":[{"name":"wp","href":"https:\/\/api.w.org\/{rel}","templated":true}]}}

<h2 class="wp-block-heading">VIA est l’Association des Médias Audiovisuels en Belgique</h2>



<div style="height:39px" aria-hidden="true" class="wp-block-spacer"></div>



<figure class="wp-block-image size-large"><img loading="lazy" decoding="async" width="1024" height="523" src="https://thinkvia.be/wp-content/uploads/2021/01/about-us-small-1024x523.jpg" alt="" class="wp-image-1726" srcset="https://thinkvia.be/wp-content/uploads/2021/01/about-us-small-1024x523.jpg 1024w, https://thinkvia.be/wp-content/uploads/2021/01/about-us-small-300x153.jpg 300w, https://thinkvia.be/wp-content/uploads/2021/01/about-us-small-768x392.jpg 768w, https://thinkvia.be/wp-content/uploads/2021/01/about-us-small.jpg 1098w" sizes="auto, (max-width: 1024px) 100vw, 1024px" /></figure>



<p>VIA réunit les organisations de vente des médias audiovisuels belges (TV, radio, cinéma) et se fixe les objectifs suivants&nbsp;:</p>



<ul class="wp-block-list">
<li>Stimuler la concertation au sein du secteur</li>



<li>Jouer un rôle fédérateur dans le développement de nouvelles initiatives sur le marché</li>



<li>Se concerter autour de la facilitation technologique et aspirer à une compatibilité maximale qui bénéficiera au développement du marché</li>



<li>Promouvoir la puissance de nos médias, entre autres en élaborant une recherche commune venant non seulement soutenir les mérites de l’offre actuelle, mais aussi ceux des développements porteurs d’avenir</li>



<li>Jouer un rôle de soutien dans la mise en place de mesures et de rapportages des médias, apporter une contribution lors de l’élaboration de consensus autour des objectifs et du projet et réunir des experts</li>



<li>Représenter ses membres auprès des autres associations professionnelles actives au sein du monde de la publicité</li>
</ul>



<h3 class="wp-block-heading">Membres</h3>



<ul class="wp-block-list">
<li>DPG Media, représenté par Wim Jansen</li>



<li>RMB, représenté par Massimo Papa</li>



<li>Ads&amp;Data, représenté par Bart Demeulenaere</li>



<li>Var, représentée par Alex Thoré</li>



<li>Transfer Media, représenté par Michel Dupont</li>



<li>Tim Van Doorslaer (DPG Media) s&rsquo;ajoute comme administrateur.</li>
</ul>



<p>Membres affiliés</p>



<ul class="wp-block-list">
<li>Brightfish, représenté par Patrick Van Dijck</li>



<li>Mediawan, représenté par Philippe Zrihen</li>
</ul>



<h3 class="wp-block-heading">Conseil d’administration</h3>



<p>Président : Alex Thoré (depuis le 23/5/2025)<br>Vice-président : Wim Jansen (depuis le 23/5/2025)<br>Trésorier&nbsp;: Massimo Papa</p>



<h3 class="wp-block-heading">Gestion quotidienne</h3>



<p>Sous la direction de Ludovic de Barrau, Secrétaire Général<br>E-mail : <a href="mailto:ludovic@viabelgium.media">ludovic@viabelgium.media</a></p>



<p>Tel : +32 472 52 72 31 </p>



<h3 class="wp-block-heading">Statuts</h3>



<p><a href="https://thinkvia.be/wp-content/uploads/2022/08/VIA-Nouveau-statuts-FR-7.12.2021.pdf">Statuts&nbsp; FR</a></p>



<h3 class="wp-block-heading">Données de l&rsquo;entité</h3>



<p>Association belge des Medias Audiovisuels – Belgische Vereniging &nbsp;van de Audiovisuele Media<br>Association sans but lucratif</p>



<p>Rue Jules Cockx 10/12<br>1160 Auderghem<br>TVA :0409.202.220<br></p>

<p>VIA est l’Association des Médias Audiovisuels en Belgique VIA réunit les organisations de vente des médias audiovisuels belges (TV, radio, cinéma) et se fixe les objectifs suivants&nbsp;: Membres Membres affiliés Conseil d’administration Président : Alex Thoré (depuis le 23/5/2025)Vice-président :&#8230;</p>
